s digit of o?
3
Let h = -13 + 10. Let i(y) = -4*y - 5. Let g be i(h). What is the tens digit of 1*59 + -3 + (g - 6)?
5
Let q(r) = -4*r**2 + 10*r + 1. Let z be q(2). What is the tens digit of (z/10*-121)/(1/(-14))?
4
Let t(m) = -m**2 - 10*m + 8. Let v be t(-11). Let c(w) = 2*w**2 + 5*w + 2. Let k be c(v). Suppose -63 = -k*g + 42. What is the units digit of g?
1
Suppose -j - 84 = -4714. What is the units digit of (-3)/(-6*5/j)?
3
Suppose -f - 211563 = -4*r, -4*r = -6*r - 2*f + 105764. What is the thousands digit of r?
2
Let t(x) = x**3 + 2*x**2 + x + 81. Suppose -v - 4*m + 3 = 0, 5*v - 3*v + 2*m = 6. Suppose -v*i - d = -3 - 1, 4*d - 16 = -4*i. What is the units digit of t(i)?
1
Let q(n) = 20*n - 286. Let x be q(27). Let g = x + 248. What is the tens digit of g?
0
Suppose -3*q + 5*f = -13324, 3*q + 271 = -f + 13565. Let h = -3114 + q. What is the units digit of h?
9
Let u be 4 - (1 - -2) - 1. Suppose 9 = 3*z + 5*j - 12, 2*j = -5*z + 35. Suppose u*w + 1127 = z*w. What is the units digit of w?
1
Let c = 269 - 214. Suppose 13*z + 24024 = c*z. What is the hundreds digit of z?
5
Let y(i) = -i + 10. Let w be y(9). Let k be w - 51/(-2 + -1). What is the hundreds digit of (-679)/(-3) + k/27?
2
Suppose -10*a + 1909 = -651. Let d = 519 - a. Let j = d - 163. What is the tens digit of j?
0
Let v(z) = z**2 + 16*z - 792. What is the tens digit of v(-79)?
8
Let k = 103590 + -61378. What is the ten thousands digit of k?
4
Suppose 5*z + 9 = -3*q, 5*z + 13 = -2. What is the hundreds digit of 1709 + -11 + q + (-6)/(-2)?
7
What is the units digit of -5*1 - (-5591 - (24 + -10))?
0
Suppose 0 = 31*u - 28*u - 12. Suppose -u*c + 4493 - 397 = 0. Suppose 9*p = 17*p - c. What is the units digit of p?
8
Let z(p) = 62*p - 332. Let t be z(33). Let k = t + -809. What is the tens digit of k?
0
Let t = 73 + -70. What is the hundreds digit of t + 2/1 + 131?
1
Let t = 26 - -3. Let q = t + 12. Let w = 212 - q. What is the units digit of w?
1
Let u be (37/1)/(52/(-468)). Let m = 1366 + u. What is the hundreds digit of m?
0
Let n = 31420 - 7295. What is the hundreds digit of n?
1
Let p(y) = -10*y - 73. Let o be p(-8). Suppose o*q + 4*q - 7326 = 0. What is the tens digit of q?
6
Suppose s = 22*q - 23*q - 258, q = -4*s - 1032. Let y(h) = -182*h - 1. Let t be y(1). Let p = t - s. What is the tens digit of p?
7
Let l = -31 + 17. Suppose -191*c = -208*c + 646. What is the units digit of 10/35 - c/l - -2?
5
What is the thousands digit of 8/8*29415 - 14?
9
Suppose 0 = 4*s - 4*v - 36, 2*s + v = 3 - 0. Suppose -5*w - 2*d = -4031, -s*d + 3232 = 17*w - 13*w. What is the units digit of w?
5
Let t(w) = -7*w - 22. Let k be (-36)/48 - (-2)/(-8) - 54. Let g = k - -46. What is the tens digit of t(g)?
4
Suppose v + 52 - 60 = 0. Suppose v*l - u = 5*l + 1783, -l + 605 = -3*u. What is the tens digit of l?
9
Suppose -3*q + 6564 = -37725. Suppose -q = -18*b - b. What is the units digit of b?
7
Let n = -11155 + 63157. What is the tens digit of n?
0
Let j(q) = -16*q**3 - 12*q**2 - 4*q - 10. Let g be j(-10). What is the tens digit of 4/30 - (g/(-75))/2?
9
Suppose -2*s - 5322 = -6*s + 2*a, -3*a = 3*s - 3969. Suppose 7*i = -i + s. What is the units digit of i?
6
Let j = 399 + -1020. Let k = 410 - j. What is the units digit of k?
1
Let p = 2055 - 4814. Let g = -1737 - p. What is the tens digit of g?
2
Let b(m) = 18*m**3 + 2*m**2 - 7*m + 5. Let l be b(1). Let x(g) = 16*g + 73. What is the tens digit of x(l)?
6
Let w be (0 + (-30)/(-9))*(-18)/12. What is the units digit of 1 + 2*(225 - w)?
1
Suppose -863 = -2*k - 3*x, 4*k + 3*x - 198 - 1519 = 0. Suppose -2*g - f + 298 = 0, 4*g - k = 2*f + 185. What is the tens digit of g?
5
Suppose j = 3*l - 4, 0 = l + 2*l + j - 8. Suppose l*z + 341 = 1169. What is the hundreds digit of z?
4
What is the units digit of 20/30*(-161)/(-2)*72?
4
Let x(l) = -2*l**3 + 10*l**2 + l - 8. Let w be x(5). Let d(j) = -j**3 - 3*j**2 - j + 4. Let g be d(w). Suppose -g*p + 6*p = -106. What is the tens digit of p?
0
Let w = 178 - 186. Let n(b) = 16*b**2 + 22*b + 98. What is the tens digit of n(w)?
4
Let g(v) = v**2 - v - 2. Let l(h) = h**3 + 26*h**2 + 40*h + 29. Let b(j) = 4*g(j) - l(j). What is the hundreds digit of b(-21)?
4
Let w(k) = k - 13. Let b be w(17). Let x(l) = 1 + b + l + 7. What is the tens digit of x(0)?
1
Let l(c) = -c**2 - 4*c. Let u be l(-3). Let d(m) = 22*m**2 - u*m + 5 - 14 + m**3 - 16. What is the tens digit of d(-22)?
4
Let g = 6971 + -353. What is the thousands digit of g?
6
Let q be ((7 - 3)*2)/((-2)/(-710)). Suppose 4*b + 79 = 2*i + 3879, 0 = 3*b - 4*i - q. What is the units digit of b?
2
Let m(v) = -94*v + 8616. What is the units digit of m(-106)?
0
What is the thousands digit of -142*((-212)/16 - (-15)/(-12))?
2
Let s(t) = 227*t + 61. Let q be s(9). Suppose 1608 + q = -c. What is the hundreds digit of 3 - c/24 - (-2)/(-3)?
1
Suppose 75195 = 3*a - 3*f, 0 = -a + 2*f + 34004 - 8942. What is the tens digit of a?
6
Suppose -159*y + 154*y = 1195. Let f = y + 510. What is the tens digit of f?
7
Let z(m) = 4*m**2 - 17*m - 20. Let r be z(7). Suppose -25*n = r - 332. What is the tens digit of n?
1
Suppose 2 = -5*w + 12. Suppose -7*y + 9 = w. What is the units digit of (y/3)/(8/1776)?
4
Suppose 0 = 22*t - 17495 - 58390 - 37789. What is the units digit of t?
7
What is the tens digit of -37355*(-17 - 1596/(-95))?
7
What is the tens digit of 1*(-115475)/(-25)*(0 + 1)?
1
Suppose 0 = -q + 2*a + 27, 61*a = 3*q + 64*a - 72. Suppose -q*n + 7308 = -3292. What is the units digit of n?
4
Let c be 2/4*((-11 - -7) + 2). What is the tens digit of c*(-4 - (3 + 393))?
0
What is the hundreds digit of (7095/(-30) + 7)/((-1)/78)?
9
Let h(x) be the second derivative of -281*x**5/20 - x**4/4 - 2*x**3/3 - x**2 - 35*x. What is the hundreds digit of h(-1)?
2
Let b be 5/2*208/65. Let n be ((-16)/(-4) - 4)/(-2). Suppose n = o - b*o + 574. What is the units digit of o?
2
Suppose -s + 3*a + 25861 = 0, -129405 = -5*s + 67*a - 72*a. What is the thousands digit of s?
5
Let i = -59667 + 141860. What is the tens digit of i?
9
Let s = 9 + -23. Let f = s - -22. Let m = 24 - f. What is the units digit of m?
6
Suppose -74 + 10 = 8*y. What is the units digit of (-2)/y - (3878/(-8) - -11)?
4
Suppose -2*q + 25 + 9 = -4*c, -c - 1 = 0. Let l(x) = x**2 + 11*x - 57. What is the tens digit of l(q)?
3
Let y(l) = 765*l**2 - 3*l + 3. Let q be y(1). Let c = q + -503. What is the units digit of c?
2
Let b(m) = 28*m + 16. Let d(y) = y**3 + 3*y**2 + 3*y + 3. Let g be d(-2). Suppose -3*i - 5*n - 1 = 0, 3*i - 2*i + 2*n = -g. What is the units digit of b(i)?
0
Suppose 104 - 17 = 29*m. What is the tens digit of -1*(-48 + 2 + m) + 0?
4
Suppose -45*i + 251601 - 146822 = -316421. What is the tens digit of i?
6
Suppose -4*r - 39 = -7, 2*b + 3*r - 163014 = 0. What is the ten thousands digit of b?
8
Let q be -1 + -1 - (-27 - -17). What is the hundreds digit of 12/q - (-9186)/12?
7
Let n = -4551 - -8050. What is the tens digit of n?
9
Suppose 5*z + d + 499 = z, -z = -d + 131. Let x = z - -386. What is the units digit of x?
0
Suppose -37*z + 40*z = 2*a - 24298, -4*a + 48596 = -z. What is the units digit of a?
9
Suppose 2*j + 2*j = 3*i - 1725, 5*i + 4*j - 2875 = 0. Let f = i + -173. What is the tens digit of f?
0
Let j(f) be the second derivative of -f**5/20 + f**4/6 + f**3/2 + 19*f. Let d be j(3). Suppose d*s + 3*i - 42 = -s, s = -5*i + 40. What is the units digit of s?
5
Let h(c) = -475*c - 800. What is the thousands digit of h(-10)?
3
Suppose 64*g - 28736 = 48*g. What is the tens digit of g?
9
Suppose 2*o - 15676 = i, -2*i = 3*o - i - 23519. What is the tens digit of o?
3
Let v = 7657 - -1924. What is the units digit of v?
1
Suppose 0 = 6*p + 2 + 46. What is the tens digit of (p/6)/(39/(-28899))?
8
Suppose 36 = 8*v + v. Suppose -v*w - 60 = 12. What is the units digit of (0 - w/4)/(2/36)?
1
Suppose 0 = 8*a - 598 - 74. Suppose -2*r = r + a. What is the units digit of (286/(-4))/(14/r)?
3
Let k(z) = z. Let h be k(-1). Let j(p) = -50*p - 1. Let c be j(h). Let d = c - 25. What is the units digit of d?
4
Let o(i) = -7 + 3*i**3 - 4*i**3 + 75*i - 100*i + 2*i**3. What is the units digit of o(7)?
1
Let g = 545 + 420. Let z = g - 673. Suppose -2*k - 2*k = -z. What is the units digit of k?
3
Let f = 33 - 397. Let a = 785 + f. What is the units digit o